{"id":1981,"date":"2025-01-17T14:36:02","date_gmt":"2025-01-17T14:36:02","guid":{"rendered":"https:\/\/na-morze.com\/?page_id=1981"},"modified":"2025-01-17T14:36:02","modified_gmt":"2025-01-17T14:36:02","slug":"formy-platnosci","status":"publish","type":"page","link":"https:\/\/na-morze.com\/?page_id=1981","title":{"rendered":"Formy p\u0142atno\u015bci"},"content":{"rendered":"\n<h3 class=\"wp-block-heading\">P\u0142atno\u015bci&nbsp;za zam\u00f3wione towary mo\u017cna dokona\u0107 za pomoc\u0105:<\/h3>\n\n\n\n<h3 class=\"wp-block-heading\"><strong>Przelew na konto bankowe<\/strong><\/h3>\n\n\n\n<p>Forma p\u0142atno\u015bci dla Klient\u00f3w preferuj\u0105cych samodzielne logowanie do banku internetowego, wizyt\u0119 w plac\u00f3wce banku lub na poczcie. Po zarezerwowaniu zam\u00f3wionego towaru, klient otrzymuje mailem numer rachunku bankowego, na kt\u00f3ry nale\u017cy przela\u0107 w\u0142a\u015bciw\u0105 kwot\u0119. Z chwil\u0105 zaksi\u0119gowania wp\u0142aty na rachunku bankowym zam\u00f3wienie jest przekazywane do magazynu w celu przygotowania wysy\u0142ki.<\/p>\n\n\n\n<p><strong>Za pobraniem:<br><\/strong>Zap\u0142ata got\u00f3wk\u0105 kurierowi przy odbiorze zam\u00f3wienia.<\/p>\n\n\n\n<p><strong>Kart\u0105 p\u0142atnicz\u0105:<\/strong><br>Visa,&nbsp; MasterCard, Maestro<\/p>\n\n\n\n<p>W przypadku wyst\u0105pienia konieczno\u015b\u0107 zwrotu \u015brodk\u00f3w za transakcj\u0119 dokonan\u0105 przez klienta kart\u0105 p\u0142atnicz\u0105, sprzedaj\u0105cy dokona zwrotu na rachunek bankowy przypisany do karty p\u0142atniczej Zamawiaj\u0105cego.<\/p>\n\n\n\n<p><\/p>\n","protected":false},"excerpt":{"rendered":"<p>P\u0142atno\u015bci&nbsp;za zam\u00f3wione towary mo\u017cna dokona\u0107 za pomoc\u0105: Przelew na konto bankowe Forma p\u0142atno\u015bci dla Klient\u00f3w preferuj\u0105cych samodzielne logowanie do banku [&hellip;]<\/p>\n","protected":false},"author":1,"featured_media":0,"parent":0,"menu_order":0,"comment_status":"closed","ping_status":"closed","template":"","meta":{"_surecart_dashboard_logo_width":"180px","_surecart_dashboard_show_logo":true,"_surecart_dashboard_navigation_orders":true,"_surecart_dashboard_navigation_invoices":true,"_surecart_dashboard_navigation_subscriptions":true,"_surecart_dashboard_navigation_downloads":true,"_surecart_dashboard_navigation_billing":true,"_surecart_dashboard_navigation_account":true,"_uag_custom_page_level_css":"","site-sidebar-layout":"default","site-content-layout":"","ast-site-content-layout":"default","site-content-style":"default","site-sidebar-style":"default","ast-global-header-display":"","ast-banner-title-visibility":"","ast-main-header-display":"","ast-hfb-above-header-display":"","ast-hfb-below-header-display":"","ast-hfb-mobile-header-display":"","site-post-title":"","ast-breadcrumbs-content":"","ast-featured-img":"","footer-sml-layout":"","theme-transparent-header-meta":"","adv-header-id-meta":"","stick-header-meta":"","header-above-stick-meta":"","header-main-stick-meta":"","header-below-stick-meta":"","astra-migrate-meta-layouts":"default","ast-page-background-enabled":"default","ast-page-background-meta":{"desktop":{"background-color":"var(--ast-global-color-4)","background-image":"","background-repeat":"repeat","background-position":"center center","background-size":"auto","background-attachment":"scroll","background-type":"","background-media":"","overlay-type":"","overlay-color":"","overlay-opacity":"","overlay-gradient":""},"tablet":{"background-color":"","background-image":"","background-repeat":"repeat","background-position":"center center","background-size":"auto","background-attachment":"scroll","background-type":"","background-media":"","overlay-type":"","overlay-color":"","overlay-opacity":"","overlay-gradient":""},"mobile":{"background-color":"","background-image":"","background-repeat":"repeat","background-position":"center center","background-size":"auto","background-attachment":"scroll","background-type":"","background-media":"","overlay-type":"","overlay-color":"","overlay-opacity":"","overlay-gradient":""}},"ast-content-background-meta":{"desktop":{"background-color":"var(--ast-global-color-5)","background-image":"","background-repeat":"repeat","background-position":"center center","background-size":"auto","background-attachment":"scroll","background-type":"","background-media":"","overlay-type":"","overlay-color":"","overlay-opacity":"","overlay-gradient":""},"tablet":{"background-color":"var(--ast-global-color-5)","background-image":"","background-repeat":"repeat","background-position":"center center","background-size":"auto","background-attachment":"scroll","background-type":"","background-media":"","overlay-type":"","overlay-color":"","overlay-opacity":"","overlay-gradient":""},"mobile":{"background-color":"var(--ast-global-color-5)","background-image":"","background-repeat":"repeat","background-position":"center center","background-size":"auto","background-attachment":"scroll","background-type":"","background-media":"","overlay-type":"","overlay-color":"","overlay-opacity":"","overlay-gradient":""}},"footnotes":""},"class_list":["post-1981","page","type-page","status-publish","hentry"],"uagb_featured_image_src":{"full":false,"thumbnail":false,"medium":false,"medium_large":false,"large":false,"1536x1536":false,"2048x2048":false,"woocommerce_thumbnail":false,"woocommerce_single":false,"woocommerce_gallery_thumbnail":false},"uagb_author_info":{"display_name":"Monika","author_link":"https:\/\/na-morze.com\/?author=1"},"uagb_comment_info":0,"uagb_excerpt":"P\u0142atno\u015bci&nbsp;za zam\u00f3wione towary mo\u017cna dokona\u0107 za pomoc\u0105: Przelew na konto bankowe Forma p\u0142atno\u015bci dla Klient\u00f3w preferuj\u0105cych samodzielne logowanie do banku [&hellip;]","jetpack_sharing_enabled":true,"_links":{"self":[{"href":"https:\/\/na-morze.com\/index.php?rest_route=\/wp\/v2\/pages\/1981","targetHints":{"allow":["GET"]}}],"collection":[{"href":"https:\/\/na-morze.com\/index.php?rest_route=\/wp\/v2\/pages"}],"about":[{"href":"https:\/\/na-morze.com\/index.php?rest_route=\/wp\/v2\/types\/page"}],"author":[{"embeddable":true,"href":"https:\/\/na-morze.com\/index.php?rest_route=\/wp\/v2\/users\/1"}],"replies":[{"embeddable":true,"href":"https:\/\/na-morze.com\/index.php?rest_route=%2Fwp%2Fv2%2Fcomments&post=1981"}],"version-history":[{"count":0,"href":"https:\/\/na-morze.com\/index.php?rest_route=\/wp\/v2\/pages\/1981\/revisions"}],"wp:attachment":[{"href":"https:\/\/na-morze.com\/index.php?rest_route=%2Fwp%2Fv2%2Fmedia&parent=1981"}],"curies":[{"name":"wp","href":"https:\/\/api.w.org\/{rel}","templated":true}]}}