{"id":162,"date":"2025-01-13T09:48:42","date_gmt":"2025-01-13T09:48:42","guid":{"rendered":"https:\/\/na-morze.com\/services\/"},"modified":"2025-02-09T14:24:18","modified_gmt":"2025-02-09T14:24:18","slug":"oferta","status":"publish","type":"page","link":"https:\/\/na-morze.com\/?page_id=162","title":{"rendered":"Oferta"},"content":{"rendered":"\n<div class=\"wp-block-uagb-container uagb-layout-grid uagb-block-861c71f8 alignfull uagb-is-root-container\"><div class=\"uagb-container-inner-blocks-wrap\">\n<div class=\"wp-block-uagb-advanced-heading uagb-block-269a3267\"><h1 class=\"uagb-heading-text\">Nasza oferta<\/h1><\/div>\n\n\n\n<div class=\"wp-block-uagb-image uagb-block-cc953da3 wp-block-uagb-image--layout-default wp-block-uagb-image--effect-static wp-block-uagb-image--align-none\"><figure class=\"wp-block-uagb-image__figure\"><img loading=\"lazy\" decoding=\"async\" srcset=\"https:\/\/na-morze.com\/wp-content\/uploads\/2025\/01\/nepal1.jpg ,https:\/\/na-morze.com\/wp-content\/uploads\/2025\/01\/nepal1.jpg 780w, https:\/\/na-morze.com\/wp-content\/uploads\/2025\/01\/nepal1.jpg 360w\" sizes=\"auto, (max-width: 480px) 150px\" src=\"https:\/\/na-morze.com\/wp-content\/uploads\/2025\/01\/nepal1.jpg\" alt=\"\" class=\"uag-image-15\" width=\"800\" height=\"500\" title=\"nepal1\" loading=\"lazy\" role=\"img\"\/><\/figure><\/div>\n<\/div><\/div>\n\n\n\n<div class=\"wp-block-uagb-container uagb-block-8af37a54 alignfull uagb-is-root-container\"><div class=\"uagb-container-inner-blocks-wrap\">\n<div class=\"wp-block-uagb-container uagb-layout-grid uagb-block-818f42b1\">\n<div class=\"wp-block-uagb-image uagb-block-9ae967e7 wp-block-uagb-image--layout-default wp-block-uagb-image--effect-static wp-block-uagb-image--align-none\"><figure class=\"wp-block-uagb-image__figure\"><img loading=\"lazy\" decoding=\"async\" srcset=\"https:\/\/na-morze.com\/wp-content\/uploads\/2025\/01\/malawi.jpg ,https:\/\/na-morze.com\/wp-content\/uploads\/2025\/01\/malawi.jpg 780w, https:\/\/na-morze.com\/wp-content\/uploads\/2025\/01\/malawi.jpg 360w\" sizes=\"auto, (max-width: 480px) 150px\" src=\"https:\/\/na-morze.com\/wp-content\/uploads\/2025\/01\/malawi.jpg\" alt=\"\" class=\"uag-image-419\" width=\"570\" height=\"450\" title=\"malawi\" loading=\"lazy\" role=\"img\"\/><\/figure><\/div>\n\n\n\n<div class=\"wp-block-uagb-info-box uagb-block-3954de6a uagb-infobox__content-wrap  uagb-infobox-icon-above-title uagb-infobox-image-valign-top\"><div class=\"uagb-ifb-content\"><div class=\"uagb-ifb-title-wrap\"><h2 class=\"uagb-ifb-title\">Kawa surowa<\/h2><\/div><p class=\"uagb-ifb-desc\">Oferujemy bogaty wyb\u00f3r zielonych kaw z ca\u0142ego \u015bwiata obejmuj\u0105cy najwy\u017cszej jako\u015bci arabiki oraz ciesz\u0105ce si\u0119 popularno\u015bci\u0105 robusty. Surowa, zielona kawa, w formie rozdrobnionej, wykorzystywana jest jako naturalny \u015brodek wspomagaj\u0105cy odchudzanie.<br><br>Dost\u0119pne gramatury: 100g, 250g, 500g, 1000g<\/p><\/div><\/div>\n<\/div>\n\n\n\n<div class=\"wp-block-uagb-container uagb-layout-grid uagb-block-f40a1112\">\n<div class=\"wp-block-uagb-info-box uagb-block-56eb3b14 uagb-infobox__content-wrap  uagb-infobox-icon-above-title uagb-infobox-image-valign-top\"><div class=\"uagb-ifb-content\"><div class=\"uagb-ifb-title-wrap\"><h2 class=\"uagb-ifb-title\">Kawa palona <\/h2><\/div><p class=\"uagb-ifb-desc\">W sk\u0142ad naszej oferty wchodz\u0105 zar\u00f3wno kawy ziarniste jak i mielona. Istnieje mo\u017cliwo\u015b\u0107 wyboru stopnia palenia &#8211; jasne, standardowe lub ciemne. Posiadamy tak\u017ce unikalne mieszanki kawowe, kt\u00f3re zosta\u0142y idealnie skomponowane pod r\u00f3\u017cne preferencje smakowe oraz spos\u00f3b przygotowywania.<br><br>Dost\u0119pne gramatury: 100g, 250g, 500g, 1000g<\/p><\/div><\/div>\n\n\n\n<div class=\"wp-block-uagb-image uagb-block-384a87e9 wp-block-uagb-image--layout-default wp-block-uagb-image--effect-static wp-block-uagb-image--align-none\"><figure class=\"wp-block-uagb-image__figure\"><img loading=\"lazy\" decoding=\"async\" srcset=\"https:\/\/na-morze.com\/wp-content\/uploads\/2025\/01\/kongo-kivu1.jpg ,https:\/\/na-morze.com\/wp-content\/uploads\/2025\/01\/kongo-kivu1.jpg 780w, https:\/\/na-morze.com\/wp-content\/uploads\/2025\/01\/kongo-kivu1.jpg 360w\" sizes=\"auto, (max-width: 480px) 150px\" src=\"https:\/\/na-morze.com\/wp-content\/uploads\/2025\/01\/kongo-kivu1.jpg\" alt=\"\" class=\"uag-image-11\" width=\"570\" height=\"450\" title=\"services-04\" loading=\"lazy\" role=\"img\"\/><\/figure><\/div>\n<\/div>\n\n\n\n<div class=\"wp-block-uagb-container uagb-layout-grid uagb-block-09b85a33\">\n<div class=\"wp-block-uagb-image uagb-block-10f92274 wp-block-uagb-image--layout-default wp-block-uagb-image--effect-static wp-block-uagb-image--align-none\"><figure class=\"wp-block-uagb-image__figure\"><img loading=\"lazy\" decoding=\"async\" srcset=\"https:\/\/na-morze.com\/wp-content\/uploads\/2025\/01\/keniaaa.jpg ,https:\/\/na-morze.com\/wp-content\/uploads\/2025\/01\/keniaaa.jpg 780w, https:\/\/na-morze.com\/wp-content\/uploads\/2025\/01\/keniaaa.jpg 360w\" sizes=\"auto, (max-width: 480px) 150px\" src=\"https:\/\/na-morze.com\/wp-content\/uploads\/2025\/01\/keniaaa.jpg\" alt=\"\" class=\"uag-image-8\" width=\"570\" height=\"450\" title=\"services-01\" loading=\"lazy\" role=\"img\"\/><\/figure><\/div>\n\n\n\n<div class=\"wp-block-uagb-info-box uagb-block-84ac2e61 uagb-infobox__content-wrap  uagb-infobox-icon-above-title uagb-infobox-image-valign-top\"><div class=\"uagb-ifb-content\"><div class=\"uagb-ifb-title-wrap\"><h2 class=\"uagb-ifb-title\">Kawy speciality<\/h2><\/div><p class=\"uagb-ifb-desc\">Oferujemy szeroki wyb\u00f3r kaw speciality, starannie wyselekcjonowanych z najlepszych plantacji na \u015bwiecie, aby zapewni\u0107 niezapomniane doznania smakowe. W swojej ofercie posiadamy unikalne kawy &#8211;<br><br><\/p><\/div><\/div>\n<\/div>\n\n\n\n<div class=\"wp-block-uagb-container uagb-layout-grid uagb-block-68ca9176\">\n<div class=\"wp-block-uagb-info-box uagb-block-08c00a59 uagb-infobox__content-wrap  uagb-infobox-icon-above-title uagb-infobox-image-valign-top\"><div class=\"uagb-ifb-content\"><div class=\"uagb-ifb-title-wrap\"><h2 class=\"uagb-ifb-title\">Kawy na zam\u00f3wienie<\/h2><\/div><p class=\"uagb-ifb-desc\">W przypadku wi\u0119kszych zam\u00f3wie\u0144 oferujemy mo\u017cliwo\u015b\u0107 zam\u00f3wienia kawy wed\u0142ug w\u0142asnych upodoba\u0144 i wed\u0142ug dostarczonych receptur, dostosowuj\u0105c smak i intensywno\u015b\u0107 do indywidualnych preferencji naszych klient\u00f3w.<\/p><\/div><\/div>\n\n\n\n<div class=\"wp-block-uagb-image uagb-block-9c547cae wp-block-uagb-image--layout-default wp-block-uagb-image--effect-static wp-block-uagb-image--align-none\"><figure class=\"wp-block-uagb-image__figure\"><img loading=\"lazy\" decoding=\"async\" srcset=\"https:\/\/na-morze.com\/wp-content\/uploads\/2025\/01\/pallbrazyliasantos.jpg ,https:\/\/na-morze.com\/wp-content\/uploads\/2025\/01\/pallbrazyliasantos.jpg 780w, https:\/\/na-morze.com\/wp-content\/uploads\/2025\/01\/pallbrazyliasantos.jpg 360w\" sizes=\"auto, (max-width: 480px) 150px\" src=\"https:\/\/na-morze.com\/wp-content\/uploads\/2025\/01\/pallbrazyliasantos.jpg\" alt=\"\" class=\"uag-image-17\" width=\"570\" height=\"450\" title=\"pallbrazyliasantos\" loading=\"lazy\" role=\"img\"\/><\/figure><\/div>\n<\/div>\n\n\n\n<div class=\"wp-block-uagb-container uagb-layout-grid uagb-block-1b1bd0b6\">\n<div class=\"wp-block-uagb-image uagb-block-35245678 wp-block-uagb-image--layout-default wp-block-uagb-image--effect-static wp-block-uagb-image--align-none\"><figure class=\"wp-block-uagb-image__figure\"><img loading=\"lazy\" decoding=\"async\" srcset=\"https:\/\/na-morze.com\/wp-content\/uploads\/2025\/01\/malawi1.jpg ,https:\/\/na-morze.com\/wp-content\/uploads\/2025\/01\/malawi1.jpg 780w, https:\/\/na-morze.com\/wp-content\/uploads\/2025\/01\/malawi1.jpg 360w\" sizes=\"auto, (max-width: 480px) 150px\" src=\"https:\/\/na-morze.com\/wp-content\/uploads\/2025\/01\/malawi1.jpg\" alt=\"\" class=\"uag-image-12\" width=\"570\" height=\"450\" title=\"malawi1\" loading=\"lazy\" role=\"img\"\/><\/figure><\/div>\n\n\n\n<div class=\"wp-block-uagb-info-box uagb-block-0ec09f28 uagb-infobox__content-wrap  uagb-infobox-icon-above-title uagb-infobox-image-valign-top\"><div class=\"uagb-ifb-content\"><div class=\"uagb-ifb-title-wrap\"><h2 class=\"uagb-ifb-title\">Kawy smakowe<\/h2><\/div><p class=\"uagb-ifb-desc\"><br>Kawa smakowa to alternatywa dla espresso czy latte macchiato, \u0142\u0105cz\u0105ca intensywno\u015b\u0107 kofeiny z aromatem, np. amaretto, karmelu czy cynamonu. Podstaw\u0105 jest ziarno Arabiki, a dodatkowy aromat dodawany jest po paleniu. Taki nap\u00f3j z pewno\u015bci\u0105 zadowoli osoby preferuj\u0105ce s\u0142odszy smak. Oferujemy ponad 40 smak\u00f3w w wersji ziarnistej i mielonej. Aby wybra\u0107 preferowany aromat, gramatur\u0119 i form\u0119, prosz\u0119 skorzysta\u0107 z rozwijanego menu na stronie produktu. Zalecamy wyb\u00f3r kawy ziarnistej dla d\u0142u\u017cszej \u015bwie\u017co\u015bci, jednak dost\u0119pna jest r\u00f3wnie\u017c kawa mielona.<br><br><br><\/p><\/div><\/div>\n<\/div>\n\n\n\n<div class=\"wp-block-uagb-container uagb-layout-grid uagb-block-cd248c6a\">\n<div class=\"wp-block-uagb-info-box uagb-block-2796bc4a uagb-infobox__content-wrap  uagb-infobox-icon-above-title uagb-infobox-image-valign-top\"><div class=\"uagb-ifb-content\"><div class=\"uagb-ifb-title-wrap\"><h2 class=\"uagb-ifb-title\">Worki<\/h2><\/div><p class=\"uagb-ifb-desc\">Oferujemy oryginalne worki po kawie, kt\u00f3re doskonale sprawdz\u0105 si\u0119 w r\u00f3\u017cnych zastosowaniach \u2013 zar\u00f3wno do przechowywania kawy, jak i do kreatywnych projekt\u00f3w. Unikatowe napisy producent\u00f3w mog\u0105 by\u0107 ciekaw\u0105 ozdob\u0105 r\u00f3\u017cnych wyrob\u00f3w i ozd\u00f3b.<\/p><\/div><\/div>\n\n\n\n<div class=\"wp-block-uagb-image uagb-block-8eb022d4 wp-block-uagb-image--layout-default wp-block-uagb-image--effect-static wp-block-uagb-image--align-none\"><figure class=\"wp-block-uagb-image__figure\"><img loading=\"lazy\" decoding=\"async\" srcset=\"https:\/\/na-morze.com\/wp-content\/uploads\/2025\/01\/bag-java_blavan.jpg ,https:\/\/na-morze.com\/wp-content\/uploads\/2025\/01\/bag-java_blavan.jpg 780w, https:\/\/na-morze.com\/wp-content\/uploads\/2025\/01\/bag-java_blavan.jpg 360w\" sizes=\"auto, (max-width: 480px) 150px\" src=\"https:\/\/na-morze.com\/wp-content\/uploads\/2025\/01\/bag-java_blavan.jpg\" alt=\"\" class=\"uag-image-422\" width=\"570\" height=\"450\" title=\"bag-java_blavan\" loading=\"lazy\" role=\"img\"\/><\/figure><\/div>\n<\/div>\n<\/div><\/div>\n\n\n\n<div class=\"wp-block-uagb-container uagb-block-283d2971 alignfull uagb-is-root-container\"><div class=\"uagb-container-inner-blocks-wrap\">\n<div class=\"wp-block-uagb-info-box uagb-block-82d1d57c uagb-infobox__content-wrap  uagb-infobox-icon-above-title uagb-infobox-image-valign-top\"><div class=\"uagb-ifb-content\"><div class=\"uagb-ifb-title-wrap\"><h2 class=\"uagb-ifb-title\">Zapisz si\u0119 do newslettera ju\u017c dzi\u015b!<\/h2><\/div><p class=\"uagb-ifb-desc\">B\u0105d\u017a na bie\u017c\u0105co z nowo\u015bciami i promocjami w cafeMia. Nie przegap \u017cadnej okazji!<\/p><div class=\"uagb-ifb-button-wrapper wp-block-button\"><a href=\"\/contact\/\" class=\"uagb-infobox-cta-link wp-block-button__link\" target=\"_self\" rel=\"noopener noreferrer\" onclick=\"return true;\"><span class=\"uagb-inline-editing\">Zam\u00f3w teraz<\/span><\/a><\/div><\/div><\/div>\n<\/div><\/div>\n","protected":false},"excerpt":{"rendered":"<p>Nasza oferta<\/p>\n","protected":false},"author":1,"featured_media":0,"parent":0,"menu_order":0,"comment_status":"closed","ping_status":"closed","template":"","meta":{"_surecart_dashboard_logo_width":"180px","_surecart_dashboard_show_logo":true,"_surecart_dashboard_navigation_orders":true,"_surecart_dashboard_navigation_invoices":true,"_surecart_dashboard_navigation_subscriptions":true,"_surecart_dashboard_navigation_downloads":true,"_surecart_dashboard_navigation_billing":true,"_surecart_dashboard_navigation_account":true,"_uag_custom_page_level_css":"","site-sidebar-layout":"default","site-content-layout":"","ast-site-content-layout":"default","site-content-style":"default","site-sidebar-style":"default","ast-global-header-display":"","ast-banner-title-visibility":"","ast-main-header-display":"","ast-hfb-above-header-display":"","ast-hfb-below-header-display":"","ast-hfb-mobile-header-display":"","site-post-title":"disabled","ast-breadcrumbs-content":"","ast-featured-img":"","footer-sml-layout":"","theme-transparent-header-meta":"","adv-header-id-meta":"","stick-header-meta":"","header-above-stick-meta":"","header-main-stick-meta":"","header-below-stick-meta":"","astra-migrate-meta-layouts":"default","ast-page-background-enabled":"default","ast-page-background-meta":{"desktop":{"background-color":"var(--ast-global-color-4)","background-image":"","background-repeat":"repeat","background-position":"center center","background-size":"auto","background-attachment":"scroll","background-type":"","background-media":"","overlay-type":"","overlay-color":"","overlay-opacity":"","overlay-gradient":""},"tablet":{"background-color":"","background-image":"","background-repeat":"repeat","background-position":"center center","background-size":"auto","background-attachment":"scroll","background-type":"","background-media":"","overlay-type":"","overlay-color":"","overlay-opacity":"","overlay-gradient":""},"mobile":{"background-color":"","background-image":"","background-repeat":"repeat","background-position":"center center","background-size":"auto","background-attachment":"scroll","background-type":"","background-media":"","overlay-type":"","overlay-color":"","overlay-opacity":"","overlay-gradient":""}},"ast-content-background-meta":{"desktop":{"background-color":"var(--ast-global-color-5)","background-image":"","background-repeat":"repeat","background-position":"center center","background-size":"auto","background-attachment":"scroll","background-type":"","background-media":"","overlay-type":"","overlay-color":"","overlay-opacity":"","overlay-gradient":""},"tablet":{"background-color":"var(--ast-global-color-5)","background-image":"","background-repeat":"repeat","background-position":"center center","background-size":"auto","background-attachment":"scroll","background-type":"","background-media":"","overlay-type":"","overlay-color":"","overlay-opacity":"","overlay-gradient":""},"mobile":{"background-color":"var(--ast-global-color-5)","background-image":"","background-repeat":"repeat","background-position":"center center","background-size":"auto","background-attachment":"scroll","background-type":"","background-media":"","overlay-type":"","overlay-color":"","overlay-opacity":"","overlay-gradient":""}},"footnotes":""},"class_list":["post-162","page","type-page","status-publish","hentry"],"uagb_featured_image_src":{"full":false,"thumbnail":false,"medium":false,"medium_large":false,"large":false,"1536x1536":false,"2048x2048":false,"woocommerce_thumbnail":false,"woocommerce_single":false,"woocommerce_gallery_thumbnail":false},"uagb_author_info":{"display_name":"Monika","author_link":"https:\/\/na-morze.com\/?author=1"},"uagb_comment_info":0,"uagb_excerpt":"Nasza oferta","jetpack_sharing_enabled":true,"_links":{"self":[{"href":"https:\/\/na-morze.com\/index.php?rest_route=\/wp\/v2\/pages\/162","targetHints":{"allow":["GET"]}}],"collection":[{"href":"https:\/\/na-morze.com\/index.php?rest_route=\/wp\/v2\/pages"}],"about":[{"href":"https:\/\/na-morze.com\/index.php?rest_route=\/wp\/v2\/types\/page"}],"author":[{"embeddable":true,"href":"https:\/\/na-morze.com\/index.php?rest_route=\/wp\/v2\/users\/1"}],"replies":[{"embeddable":true,"href":"https:\/\/na-morze.com\/index.php?rest_route=%2Fwp%2Fv2%2Fcomments&post=162"}],"version-history":[{"count":0,"href":"https:\/\/na-morze.com\/index.php?rest_route=\/wp\/v2\/pages\/162\/revisions"}],"wp:attachment":[{"href":"https:\/\/na-morze.com\/index.php?rest_route=%2Fwp%2Fv2%2Fmedia&parent=162"}],"curies":[{"name":"wp","href":"https:\/\/api.w.org\/{rel}","templated":true}]}}